 + 1 - (0 - 1) - -4.
4
What is -11 + 5 - -7 - (8 - 3)?
-4
Evaluate -3 + 9 + 6 + 1 + -8.
5
What is (-23 - -25) + -3 + 1?
0
6 - (0 + (-4 - -8))
2
What is the value of 0 - 2 - (1 + 15 - 20)?
2
What is 2 - 7 - (6 - (12 - 6))?
-5
-5 + 3 + 0 + -2
-4
Calculate (4 - 0) + -6 + -3.
-5
Evaluate 10 - (-1 - -5 - -3).
3
Evaluate -5 - ((4 - -2 - 3) + -4).
-4
Evaluate 1 + (-11 - (2 - 7)).
-5
What is -20 + 21 + (0 - -4)?
5
Evaluate 1 + 2 + 10 + -19.
-6
Calculate 6 + 0 + -6 + 2.
2
Calculate -77 + 85 + (0 - 6).
2
Evaluate -1 + (7 - 4) - -2.
4
What is the value of -6 + 1 - (8 + -8) - -9?
4
(106 - 98) + 1 + -7
2
-1 - -2 - (2 - (-4 + 1))
-4
What is -9 - (-3 + 2 + -3) - -13?
8
Evaluate 1 + (4 - 12) + 9.
2
What is the value of (14 - (0 - -13)) + 6?
7
What is the value of -15 + 15 - (-5 - -3)?
2
Calculate 6 - ((-8 + 3 - -8) + -3).
6
(9 - 10) + -2 + -3
-6
Evaluate 12 + -2 + (-1 - 3).
6
Evaluate (-1 + -8 - -4) + 8 + -4.
-1
Calculate 6 + (-6 - 1) + 4 - 5.
-2
Calculate 15 - (-22 - -27 - (1 + -3)).
8
What is the value of 9 - (0 - -5) - 6?
-2
What is (11 - (1 - -7)) + 3?
6
What is the value of -4 + (-2 - -1) - -6?
1
-10 + (6 - 0) + -1
-5
Evaluate -6 - 0 - (-38 + 37).
-5
(4 + -3 - (-4 - -6)) + 4
3
3 + 5 + -9 + (3 - -1)
3
Evaluate 20 - 4 - 17 - (8 + -2).
-7
What is -3 - (2 + 2 + -6)?
-1
Evaluate (11 - 15) + 2 + 0 + -1.
-3
What is the value of 9 + (-4 + 13 - 16)?
2
Calculate (3 - 7) + 0 + 4 + -5.
-5
-9 + -2 - (-5 + -16 - -15)
-5
Calculate -7 + (5 - (8 + -9)).
-1
Calculate -3 + (-6 - -11 - 0).
2
What is 4 + -4 + (0 - -4) - 3?
1
Calculate -3 + (-3 - (2 + 2)) + 4.
-6
What is -1 + (0 - 1) + 3 + 4?
5
What is 4 + -2 + -2 + -1?
-1
(3 - 3) + -1 - -1
0
Calculate (-2 + 5 - -6) + -2 + -2.
5
-3 - -1 - (5 + -4 + 2)
-5
2 + 1 + (-1 - -2)
4
What is the value of (12 - 13) + (-2 - 2)?
-5
8 + -1 - (-6 - -12 - 2)
3
Evaluate 0 + 6 - (15 + 2 + -6).
-5
Calculate -1 + 1 + 5 + 0 + -1.
4
1 + 10 - (-26 + 35)
2
What is the value of (-3 - -2) + -7 + 6?
-2
Calculate -4 + 3 + (2 - -1).
2
Evaluate -13 + 20 + 0 + -3 + 0.
4
What is the value of 10 - 3 - (0 + 2)?
5
What is 8 - (-9 - -1 - -20 - -6)?
-10
Calculate 1 + (14 + -13 - (0 + 4)).
-2
What is the value of -2 - (10 - (4 - 0))?
-8
Evaluate 7 + -2 - (4 - (2 + -5)).
-2
0 + 1 + 11 + (-27 - -8)
-7
What is the value of 3 + -7 + (-2 - -5)?
-1
(0 - -3 - (-4 + 17)) + 5
-5
Calculate -5 - (-5 + 9 + (1 - 5)).
-5
Evaluate (3 - (9 + -16)) + -3.
7
Evaluate -3 + 0 + (-8 - (-14 - -7)).
-4
What is the value of -13 - (2 + -8) - -1?
-6
Evaluate 5 - 5 - (1 - 2 - 2).
3
What is (8 - 5) + (-1 - 1)?
1
Calculate 4 + (-1 - 1) - (1 + 0).
1
What is the value of 13 + -1 - 4 - 4?
4
(4 - 0) + 13 + -18 - -2
1
What is (-5 - -2) + -4 - -3?
-4
Calculate 14 - (1 - -5 - -5).
3
What is (7 - 5) + (-4 - -6) - 10?
-6
-9 + 2 + -3 + 6 - 0
-4
Evaluate -4 + -3 + -1 - -10.
2
What is the value of 3 + (-1 - 1) + -9 + 6?
-2
Calculate -2 - -6 - 6 - (-1 - -1).
-2
Calculate -7 - -2 - (6 - 12 - -5).
-4
Evaluate -34 + 28 + (2 - (-13 + -1)).
10
What is -5 - (5 + 5 + -15)?
0
Calculate (-9 - -12) + (-4 - (1 + 1)).
-3
What is the value of 5 - (6 - 1 - -3)?
-3
Calculate (-1 - -4) + -8 + 2 + 4.
1
4 + 2 + (-24 - -17 - -9)
8
-4 - (-6 + 0 + (1 - -2))
-1
(0 - (-6 + 4 + -2)) + -7
-3
-57 + 61 + (-2 + 1 - -2)
5
What is the value of -6 + (-8 - (-16 - -9))?
-7
Evaluate 1 + -9 - (-1 + -2).
-5
Calculate 1 + -2 - (-10 + 5).
4
What is the value of (-3 - 0) + 2 + -3?
-4
Calculate (-10 + -4 - -3) + -9 + 11.
-9
What is 1 + -1 + 0 + 2?
2
Evaluate 0 + (5 - (-7 - (-1 + -4))).
7
8 - -4 - 13 - -1
0
-1 - (3 - 4) - 5
-5
-4 + -1 + 5 - -2
2
3 + -7 - -1 - (-26 - -23)
0
11 + -5 + -14 + 9
1
What is -1 + (8 - 6) + -5?
-4
Calculate 20 + 13 + -44 - (-6 - 0).
-5
What is the value of (-1 - -20) + (-17 - -4)?
6
What is -1 + 2 + -2 - (15 + -20)?
4
What is the value of 2 - 3 - 0 - -1 - -1?
1
Calculate -2 - (2 + -1) - (-1 - 1).
-1
Evaluate 0 + 6 + (55 - 58).
3
What is -48 - -46 - ((-2 - -1) + 0)?
-1
Evaluate 3 + -9 + (-2 - -4).
-4
What is -5 + 3 + (2 - -2)?
2
(11 - 14) + (5 - 0) + -5
-3
Calculate -3 + (-9 - -4 - -2) + 12.
6
What is the value of 6 + -6 + 4 - 5 - -4?
3
What is 0 + (1 - -1) + -5 + 5?
2
What is -7 - 0 - (41 + -51)?
3
What is 24 + -21 + 4 + -1 + -5?
1
What is -11 - ((9 - 7) + -19)?
6
What is -6 - (-7 - (13 - 7))?
7
Calculate -6 - (-15 - (-6 + 2)).
5
Evaluate 0 + 14 + -3 - 5.
6
What is -3 + -1 + -1 + 1 + 1?
-3
Calculate -2 - (5 + -2 + 1).
-6
Calculate -4 - -1 - (-2 + 1).
-2
-8 - (-5 - 3 - -3 - 0)
-3
16 + -17 - (-5 + -1)
5
What is the value of 1 - ((4 - (-3 - -16)) + 6)?
4
Calculate -12 + 10 - (1 + 2).
-5
Evaluate -6 - (-12 - (-1 + -2)).
3
What is -1 + 1 + 7 + (-2 - -2)?
7
What is (5 - 9) + 5 + (-6 - -2)?
-3
Evaluate 9 + 0 + (0 - (3 + 1)).
5
-4 + (-2 + 3 - (-1 - -1))
-3
Evaluate 8 + -8 + -3 + -2.
-5
What is the value of 0 + 2 - (-38 + 42)?
-2
5 - 20 - (8 - (-2 + 16))
-9
Evaluate -4 + 12 - 3 - (0 - -1).
4
2 + 2 - (-2 - -7)
-1
Calculate (-1 - 6) + 10 - (2 + -1).
2
Evaluate 1 + (8 - 4) + -6.
-1
(-1 - 4) + -3 + 16 - 6
2
What is the value of (3 - (-3 + 3 + 10)) + 4?
-3
Calculate -2 - (-7 - (-13 + 5) - 3).
0
-3 - ((9 - 3) + -8)
-1
-5 - (2 - (-5 + -4 + 19))
3
Calculate 8 + -15 + 11 + -4.
0
Evaluate (-3 - -2) + (3 + -6 - -3).
-1
What is the value of 15 + -5 + -4 - 7?
-1
What is -8 - (4 + (-6 - -1)) - -6?
-1
Evaluate 4 + (0 - 2 - (-5 - -2)).
5
What is 0 + 3 - (0 + (-3 - -4))?
2
What is the value of 8 - (10 + 2 + -7)?
3
Calculate -9 + (4 - -4 - 5) - -4.
-2
What is the value of 5 - (-4 + 0 + 5)?
4
Evaluate 4 - 1 - (-14 + 12 + 12).
-7
What is 10 - 3 - (-4 + (11 - 6))?
6
What is -1 + -4 - (7 + -9)?
-3
Evaluate -7 - (-3 + (4 - 1 - 9)).
2
10 + (1 + -8 - 0) + -3
0
(-3 - (-4 - 5)) + -1
5
(2 - 1 - 3) + -3
-5
Calculate 0 - -2 - (-2 + 0 - 1).
5
Evaluate 9 - (18 + -2 - 7).
0
What is -8 + (15 - (2 - 4))?
9
What is 5 + -3 + -4 + 3?
1
Evaluate 4 - (4 + -2 + (-15 - -10)).
7
Calculate 4 + -3 + (-2 - 2).
-3
Calculate 4 + -5 + 9 + 3.
11
Evaluate 2 + 1 + 19 + -18.
4
(4 - (0 - -7) - -7) + -6
-2
What is -7 + (-9 - -11) + -4?
-9
Calculate (0 + -3 - -12) + -4.
5
Calculate (-1 - (0 + -5)) + (-7 - -3).
0
Calculate 1 - (0 + 5) - -1.
-3
What is (-8 - -12) + -2 + 3 + -5?
0
Calculate -7 + (-6 + 5 - 0) + 4.
-4
Calculate 3 + -4 - 0 - 0.
-1
6 + -10 + -2 + 2
-4
What is the value of 8 + (-6 + 5 - 5)?
2
Calculate 10 + 0 + -8 + 1.
3
34 - 30 - ((2 - 1) + 3)
0
8 + (-1 - (-2 - -15))
-6
Calculate -1 + (-2 - 1) - (15 - 17).
-2
Calculate -8 + (-3 - (-7 + -4)).
0
What is (-1 - -14) + -5 + -1 + -4?
3
-6 - -1 - (-3 + 0) - 4
-6
What is -3 - (2 + -5 + 5)?
-5
What is the value of (-1 - 5) + (-88 - -95)?
1
What is the value of -3 - (3 + 2) - -3?
-5
What is the value of 5 + (-10 - -2 - (4 - 1))?
-6
What is -7 + (-3 - 1) + 9?
-2
3 - 0 - 1 - 7
-5
What is (7 + -5 - -4) + (-1 - -1)?
6
What is 6 + -16 - -8 - 2?
-4
Calculate -6 - (-3 + (6 - (3 - 0))).
-6
Calculate -2 + 0 - (-56 - -56).
-2
Evaluate (0 - 3) + (-1 - -19) + -6.
9
Evaluate 9 - (1 - -5) - (3 - -2).
-2
Calculate 0 + -1 - -2 - 0.
1
What is -2 + 0 - (-16 + 10)?
4
What is the value of -8 + (11 - 3) + -7 - -16?
9
Evaluate 1 - (0 - (5 + (-1 - 1))).
4
What is the value of 1 - ((-1 - 0) + 4) - -2?
0
Calculate -1 + -1 - (-2 - -5 - 13).
8
Evaluate 3 - (2 + -3) - (1 + 1).
2
(31 - 33) + (-2 - (0 + -1))
-3
Evaluate -2 - (-5 + 2) - (-14 - -17).
-2
What is -6 + (-6 - (-3 - (-3 + 16)))?
4
Evaluate 2 + -8 + 14 + 2 + -3.
7
-8 + -1 + (3 - 3 - -6)
-3
Calculate 20 + -27 - (2 + -9).
0
What is the value of (-1 - -14) + -2 + -12 + 7?
6
Evaluate (-5 - -6) + -2 + (-3 - -2).
-2
Calculate -9 - ((-30 - -30) + -12 + 2).
1
Evaluate 5 - 1 - ((-5 - -10) + -1).
0
Calculate 0 + (3 - (-2 - (-6 + 0))).
-1
Calculate 11 - (-11 + 4 - -20).
-2
Evaluate -1 - 7 - -3 - (-7 - -4).
-2
What is -7 - (-8 - -3) - -6?
4
What is the value of (48 - 58) + 10 + 0?
0
-5 + (3 - (2 - 8))
4
Calculate -3 + 1 + 0 - -2.
0
What is (-1 - ((4 - -2) + 4)) + 5?
-6
Evaluate (5 - 2) + -5 + -1 + 0.
-3
What is the value of 14 - (-1 - -2) - (1 - -5)?
7
What is the value of (6 - (3 + 1)) + 0 + -4?
-2
-8 + (10 - 4) + 6 + -2
2
What is the value of (-5 - -3) + 8 + -9?
-3
What is the value of (-5 + 11 - 1) + (1 - 4)?
2
-3 - (2 + 6 + -2 + -7)
-2
2 + -7 + -2 + 6
-1
Evaluate -1 + -2 + -6 + 3 + 6.
0
Calculate 0 + 0 + -1 - (-17 + 20).
-4
Evaluate 5 + (11 - 11 - (0 - -3)).
2
What is the value of (0 - 4) + (0 - (9 + -13))?
